{"id":3672,"date":"2025-03-05T16:12:03","date_gmt":"2025-03-05T21:12:03","guid":{"rendered":"https:\/\/topmotors.pe\/tienda\/?post_type=product&#038;p=3672"},"modified":"2026-02-10T16:23:13","modified_gmt":"2026-02-10T21:23:13","slug":"slider-negro-navi-110-c-cubre-carter","status":"publish","type":"product","link":"https:\/\/topmotors.pe\/tienda\/product\/slider-negro-navi-110-c-cubre-carter\/","title":{"rendered":"SLIDER NEGRO NAVI 110 C\/ CUBRE CARTER"},"content":{"rendered":"<p>El Slider Negro Navi 110 con Cubre Carter de Honda est\u00e1 dise\u00f1ado para ofrecer m\u00e1xima protecci\u00f3n a las partes m\u00e1s vulnerables de tu motocicleta, como el chasis y el motor, ante posibles ca\u00eddas o impactos. Hecho de materiales de alta calidad, ayuda a minimizar da\u00f1os en la carrocer\u00eda y componentes al mantenerlos a salvo de rasgu\u00f1os o abolladuras. Adem\u00e1s, el cubre carter protege el motor de posibles golpes. Este accesorio no solo mejora la est\u00e9tica de tu moto, sino que tambi\u00e9n alarga su vida \u00fatil al prevenir el deterioro por accidentes. Es importante reemplazarlo cuando est\u00e9 da\u00f1ado o desgastado para asegurar un rendimiento y protecci\u00f3n \u00f3ptimos\u00a0de\u00a0tu\u00a0veh\u00edculo.<\/p>\n","protected":false},"excerpt":{"rendered":"<p>El Slider Negro Navi 110 con Cubre Carter de Honda es una pieza dise\u00f1ada para proteger tu motocicleta contra impactos y rasgu\u00f1os. Fabricado con materiales duraderos, este accesorio ayuda a mantener en buen estado la carrocer\u00eda de tu moto. Aseg\u00farate de reemplazarlo si muestra desgaste o da\u00f1o.<\/p>\n","protected":false},"featured_media":3702,"template":"","meta":[],"product_brand":[],"product_cat":[21],"product_tag":[],"class_list":{"0":"post-3672","1":"product","2":"type-product","3":"status-publish","4":"has-post-thumbnail","6":"product_cat-accesorios","8":"first","9":"instock","10":"shipping-taxable","11":"purchasable","12":"product-type-simple"},"_links":{"self":[{"href":"https:\/\/topmotors.pe\/tienda\/wp-json\/wp\/v2\/product\/3672","targetHints":{"allow":["GET"]}}],"collection":[{"href":"https:\/\/topmotors.pe\/tienda\/wp-json\/wp\/v2\/product"}],"about":[{"href":"https:\/\/topmotors.pe\/tienda\/wp-json\/wp\/v2\/types\/product"}],"wp:featuredmedia":[{"embeddable":true,"href":"https:\/\/topmotors.pe\/tienda\/wp-json\/wp\/v2\/media\/3702"}],"wp:attachment":[{"href":"https:\/\/topmotors.pe\/tienda\/wp-json\/wp\/v2\/media?parent=3672"}],"wp:term":[{"taxonomy":"product_brand","embeddable":true,"href":"https:\/\/topmotors.pe\/tienda\/wp-json\/wp\/v2\/product_brand?post=3672"},{"taxonomy":"product_cat","embeddable":true,"href":"https:\/\/topmotors.pe\/tienda\/wp-json\/wp\/v2\/product_cat?post=3672"},{"taxonomy":"product_tag","embeddable":true,"href":"https:\/\/topmotors.pe\/tienda\/wp-json\/wp\/v2\/product_tag?post=3672"}],"curies":[{"name":"wp","href":"https:\/\/api.w.org\/{rel}","templated":true}]}}